?
True
Is 6393 a factor of 428663436?
True
Is 1965327 a multiple of 483?
True
Is 6521672 a multiple of 72?
False
Does 671 divide 106159480?
False
Is 19682929 a multiple of 8?
False
Does 61 divide 74676383?
True
Is 14 a factor of 183283744?
True
Does 816 divide 121067472?
True
Is 94671990 a multiple of 945?
True
Does 1124 divide 97652817?
False
Is 986721990 a multiple of 66?
False
Is 2992 a factor of 9221427?
False
Does 4366 divide 3379453479?
False
Does 170 divide 22280200?
True
Does 270 divide 121234939?
False
Is 20061333 a multiple of 496?
False
Is 1483468320 a multiple of 6612?
True
Is 559522325 a multiple of 1325?
True
Does 2472 divide 17594158?
False
Does 7 divide 1729327?
False
Is 3051470597 a multiple of 96?
False
Does 153 divide 42241617?
True
Is 10969821 a multiple of 19?
True
Does 3 divide 6165822?
True
Does 3011 divide 56260535?
True
Is 67 a factor of 8976518?
False
Is 5 a factor of 1773728?
False
Does 21 divide 20252421?
True
Does 593 divide 719914811?
False
Is 1055 a factor of 901646255?
True
Does 2357 divide 240892471?
True
Is 346 a factor of 523721170?
True
Is 218 a factor of 294309356?
False
Is 152116101 a multiple of 31?
True
Is 67 a factor of 239384681?
False
Is 160 a factor of 182379558?
False
Is 15 a factor of 18296355?
True
Is 27 a factor of 2827126223?
False
Is 31 a factor of 33147494?
True
Does 27 divide 27210411?
True
Is 80877893 a multiple of 234?
False
Does 860 divide 21299620?
True
Is 1604 a factor of 156011456?
True
Is 8693745 a multiple of 5?
True
Is 452922316 a multiple of 22?
True
Is 11 a factor of 100186144?
False
Does 7945 divide 2198770805?
True
Is 66772902 a multiple of 232?
False
Does 19 divide 58116121?
False
Does 1080 divide 479890440?
True
Does 20 divide 6137380?
True
Does 344 divide 521723086?
False
Does 2252 divide 40666616?
True
Is 106 a factor of 819885203?
False
Is 127 a factor of 16933291?
True
Does 5 divide 1764902?
False
Is 17154 a factor of 1584051822?
True
Is 24877230 a multiple of 35?
True
Is 327 a factor of 98424635?
False
Is 9801 a factor of 1984486878?
True
Is 622 a factor of 169610070?
True
Does 827 divide 977315520?
True
Is 2 a factor of 9485437?
False
Is 4677 a factor of 834846393?
False
Is 287 a factor of 30273621?
True
Does 9 divide 481260087?
True
Is 18 a factor of 373359410?
False
Does 794 divide 117422278?
True
Is 27 a factor of 1819266484?
False
Does 8 divide 24108181?
False
Is 115822656 a multiple of 1728?
True
Is 132942792 a multiple of 107?
True
Is 25 a factor of 2596700?
True
Is 38745716 a multiple of 157?
True
Does 479 divide 1101150350?
False
Is 475549056 a multiple of 64?
True
Is 229 a factor of 107517574?
False
Is 19 a factor of 1234907210?
False
Does 22 divide 2885090956?
True
Is 37002468 a multiple of 25?
False
Is 1773984 a multiple of 5?
False
Does 47 divide 15715773?
False
Is 222034762 a multiple of 46?
False
Is 11 a factor of 44267245?
True
Is 55 a factor of 9714100?
True
Is 4944446266 a multiple of 2242?
True
Is 1155 a factor of 429677325?
True
Does 52 divide 126936056?
True
Is 2269500 a multiple of 30?
True
Is 9251648 a multiple of 32?
True
Does 98 divide 1649251948?
False
Does 23 divide 43736018?
True
Is 28 a factor of 501976692?
True
Is 4 a factor of 1456048?
True
Does 17 divide 28332758?
False
Does 3038 divide 214323837?
False
Is 190 a factor of 39392019?
False
Is 365348421 a multiple of 1737?
True
Is 385 a factor of 502841185?
True
Is 322 a factor of 4180041712?
True
Does 307 divide 1108733642?
False
Is 1202761380 a multiple of 23?
False
Is 307 a factor of 13499404?
True
Is 47587087 a multiple of 122?
False
Is 400 a factor of 31087600?
True
Is 1179 a factor of 94129002?
True
Does 843 divide 115896483?
True
Is 71357350 a multiple of 38?
True
Is 220252177 a multiple of 97?
True
Does 85 divide 1087406360?
True
Is 22622124 a multiple of 1837?
False
Is 1147029 a multiple of 930?
False
Is 37216690 a multiple of 13?
False
Is 15019000 a multiple of 20?
True
Does 756 divide 1186216164?
True
Does 40 divide 2151434102?
False
Is 33 a factor of 102864123?
False
Is 408656446 a multiple of 296?
False
Is 25701598 a multiple of 13?
True
Is 24 a factor of 57095640?
True
Is 320045883 a multiple of 9?
False
Does 32 divide 3051669408?
True
Is 155489859 a multiple of 21?
True
Is 57 a factor of 2297802039?
False
Is 348 a factor of 190123365?
False
Is 30457967 a multiple of 113?
False
Is 3050358410 a multiple of 5251?
True
Does 2879 divide 406887863?
False
Is 1350 a factor of 3192750?
True
Is 25058194 a multiple of 7?
True
Does 183 divide 99288846?
True
Does 23 divide 387588393?
False
Is 1235 a factor of 1401329800?
True
Is 345023496 a multiple of 43?
False
Is 148 a factor of 36839065?
False
Is 107290562 a multiple of 5?
False
Does 1674 divide 181815297?
False
Does 5447 divide 2599877211?
False
Is 8158441 a multiple of 81?
False
Is 874873080 a multiple of 552?
True
Is 3 a factor of 2722700?
False
Is 8394913 a multiple of 57?
False
Is 70482006 a multiple of 6?
True
Does 124 divide 85831228?
False
Is 2474 a factor of 61862709?
False
Does 16 divide 1182613995?
False
Is 1810 a factor of 229138760?
True
Is 30 a factor of 90771645?
False
Is 122226718 a multiple of 84?
False
Is 133 a factor of 5043331623?
False
Is 332 a factor of 32555920?
True
Is 430 a factor of 1549467592?
False
Is 20 a factor of 4152260?
True
Is 492077023 a multiple of 739?
False
Does 250 divide 32636000?
True
Does 224 divide 344674686?
False
Is 363 a factor of 49855146?
True
Is 21373458 a multiple of 698?
True
Is 75313114 a multiple of 16?
False
Is 2217 a factor of 3733428?
True
Does 905 divide 226707394?
False
Is 249596978 a multiple of 1763?
False
Is 40240860 a multiple of 295?
False
Is 15 a factor of 1638438?
False
Is 7 a factor of 4240637?
False
Does 371 divide 6959960?
True
Does 128 divide 340034048?
True
Is 87 a factor of 74658702?
True
Is 388924770 a multiple of 39?
True
Is 425 a factor of 296025798?
False
Does 802 divide 19953760?
True
Does 210 divide 4560660758?
False
Is 168 a factor of 2883581?
False
Does 12 divide 742936980?
True
Is 79 a factor of 2147806180?
True
Is 1924013185 a multiple of 7019?
True
Does 60 divide 688531569?
False
Is 48 a factor of 915120?
True
Does 1925 divide 249277875?
True
Is 40140910 a multiple of 17?
True
Is 432544154 a multiple of 2749?
True
Does 12 divide 1251567847?
False
Is 926621200 a multiple of 240?
False
Does 10 divide 672149164?
False
Is 2876469 a multiple of 3?
True
Does 7 divide 929345401?
False
Does 5027 divide 629330130?
True
Does 94 divide 696895211?
False
Is 5741952 a multiple of 304?
True
Is 137514689 a multiple of 1177?
False
Is 16 a factor of 7834096?
True
Is 202753666 even?
True
Does 35 divide 210075273?
False
Is 91249261 a multiple of 137?
True
Is 229633360 a multiple of 914?
True
Is 699 a factor of 298294966?
False
Is 39185043 a multiple of 12?
False
Does 134 divide 34238910?
False
Is 331 a factor of 3220310254?
True
Is 5187 a factor of 386576736?
True
Does 918 divide 405017600?
False
Is 599 a factor of 89634850?
False
Is 3025 a factor of 19910550?
True
Is 7 a factor of 30819551?
True
Does 968 divide 46767952?
True
Is 211996813 a multiple of 133?
True
Is 211 a factor of 148949753?
True
Is 51619424 a multiple of 8?
True
Is 160090370 a multiple of 943?
False
Is 5217 a factor of 1721382712?
False
Is 179111290 a multiple of 4178?
False
Is 502 a factor of 49969073?
False
Is 2592926112 a multiple of 127?
False
Does 179 divide 14187361?
True
Does 138 divide 148966032?
True
Is 525509040 a multiple of 7?
True
Does 4751 divide 3531864894?
True
Is 2415019680 a multiple of 11805?
True
Is 23 a factor of 23651969?
False
Is 3443969 a multiple of 722?
False
Is 102995043 a multiple of 117?
False
Is 9 a factor of 576621?
True
Is 1635 a factor of 9958785?
True
Is 107 a factor of 24481600?
True
Does 2685 divide 100774119?
False
Is 3151978 a multiple of 1089?
False
Does 4 divide 141694786?
False
Does 45 divide 2228233544?
False
Is 35 a factor of 62234655?
True
Is 75611830 a multiple of 1057?
False
Is 160 a factor of 1743537?
False
Is 1398493 a multiple of 8593?
False
Is 19474620 a multiple of 330?
True
Is 3238 a factor of 1090853058?
True
Is 186 a factor of 107509302?
True
Does 21 divide 8049867?
True
Does 23 divide 2345145366?
True
Does 661 divide 21271641?
True
Is 4489513011 a mul